{"id":2639,"date":"2024-07-29T15:45:14","date_gmt":"2024-07-29T13:45:14","guid":{"rendered":"https:\/\/www.media4kitchen.com\/admin\/?page_id=2639"},"modified":"2024-11-13T11:25:03","modified_gmt":"2024-11-13T10:25:03","slug":"a-propos","status":"publish","type":"page","link":"https:\/\/www.media4kitchen.com\/admin\/a-propos\/","title":{"rendered":"\u00c0 propos"},"content":{"rendered":"\t\t<div data-elementor-type=\"wp-page\" data-elementor-id=\"2639\" class=\"elementor elementor-2639\" data-elementor-post-type=\"page\">\n\t\t\t\t<div class=\"elementor-element elementor-element-cf0ec0f e-flex e-con-boxed e-con e-parent\" data-id=\"cf0ec0f\" data-element_type=\"container\" data-e-type=\"container\">\n\t\t\t\t\t<div class=\"e-con-inner\">\n\t\t\t\t<div class=\"elementor-element elementor-element-64cf469 elementor-widget elementor-widget-heading\" data-id=\"64cf469\" data-element_type=\"widget\" data-e-type=\"widget\" data-widget_type=\"heading.default\">\n\t\t\t\t<div class=\"elementor-widget-container\">\n\t\t\t\t\t<h2 class=\"elementor-heading-title elementor-size-default\">\u00c0 propos<\/h2>\t\t\t\t<\/div>\n\t\t\t\t<\/div>\n\t\t\t\t<div class=\"elementor-element elementor-element-4701076 elementor-widget elementor-widget-text-editor\" data-id=\"4701076\" data-element_type=\"widget\" data-e-type=\"widget\" data-widget_type=\"text-editor.default\">\n\t\t\t\t<div class=\"elementor-widget-container\">\n\t\t\t\t\t\t\t\t\t<p>Chez Media4Kitchen, nous sommes sp\u00e9cialis\u00e9s dans la simplification de la gestion des catalogues , en vous offrant une solution innovante et intuitive. Nous comprenons que dans un monde en constante \u00e9volution, il est crucial d&#8217;avoir un acc\u00e8s rapide et facile \u00e0 des informations \u00e0 jour. C\u2019est pourquoi nous avons d\u00e9velopp\u00e9 des outils qui rendent cette t\u00e2che plus fluide, plus rapide et plus accessible que jamais.<\/p>\t\t\t\t\t\t\t\t<\/div>\n\t\t\t\t<\/div>\n\t\t\t\t\t<\/div>\n\t\t\t\t<\/div>\n\t\t\t\t<\/div>\n\t\t","protected":false},"excerpt":{"rendered":"<p>\u00c0 propos Chez Media4Kitchen, nous sommes sp\u00e9cialis\u00e9s dans la simplification de la gestion des catalogues , en vous offrant une solution innovante et intuitive. Nous comprenons que dans un monde en constante \u00e9volution, il est crucial d&#8217;avoir un acc\u00e8s rapide et facile \u00e0 des informations \u00e0 jour. C\u2019est pourquoi nous avons d\u00e9velopp\u00e9 des outils qui [&hellip;]<\/p>\n","protected":false},"author":1,"featured_media":0,"parent":0,"menu_order":0,"comment_status":"closed","ping_status":"closed","template":"","meta":{"_acf_changed":false,"_uag_custom_page_level_css":"","site-sidebar-layout":"no-sidebar","site-content-layout":"page-builder","ast-site-content-layout":"full-width-container","site-content-style":"default","site-sidebar-style":"default","ast-global-header-display":"","ast-banner-title-visibility":"","ast-main-header-display":"","ast-hfb-above-header-display":"","ast-hfb-below-header-display":"","ast-hfb-mobile-header-display":"","site-post-title":"disabled","ast-breadcrumbs-content":"","ast-featured-img":"disabled","footer-sml-layout":"","theme-transparent-header-meta":"","adv-header-id-meta":"","stick-header-meta":"","header-above-stick-meta":"","header-main-stick-meta":"","header-below-stick-meta":"","astra-migrate-meta-layouts":"set","ast-page-background-enabled":"default","ast-page-background-meta":{"desktop":{"background-color":"var(--ast-global-color-4)","background-image":"","background-repeat":"repeat","background-position":"center center","background-size":"auto","background-attachment":"scroll","background-type":"","background-media":"","overlay-type":"","overlay-color":"","overlay-opacity":"","overlay-gradient":""},"tablet":{"background-color":"","background-image":"","background-repeat":"repeat","background-position":"center center","background-size":"auto","background-attachment":"scroll","background-type":"","background-media":"","overlay-type":"","overlay-color":"","overlay-opacity":"","overlay-gradient":""},"mobile":{"background-color":"","background-image":"","background-repeat":"repeat","background-position":"center center","background-size":"auto","background-attachment":"scroll","background-type":"","background-media":"","overlay-type":"","overlay-color":"","overlay-opacity":"","overlay-gradient":""}},"ast-content-background-meta":{"desktop":{"background-color":"var(--ast-global-color-5)","background-image":"","background-repeat":"repeat","background-position":"center center","background-size":"auto","background-attachment":"scroll","background-type":"","background-media":"","overlay-type":"","overlay-color":"","overlay-opacity":"","overlay-gradient":""},"tablet":{"background-color":"var(--ast-global-color-5)","background-image":"","background-repeat":"repeat","background-position":"center center","background-size":"auto","background-attachment":"scroll","background-type":"","background-media":"","overlay-type":"","overlay-color":"","overlay-opacity":"","overlay-gradient":""},"mobile":{"background-color":"var(--ast-global-color-5)","background-image":"","background-repeat":"repeat","background-position":"center center","background-size":"auto","background-attachment":"scroll","background-type":"","background-media":"","overlay-type":"","overlay-color":"","overlay-opacity":"","overlay-gradient":""}},"footnotes":""},"class_list":["post-2639","page","type-page","status-publish","hentry"],"acf":[],"uagb_featured_image_src":{"full":false,"thumbnail":false,"medium":false,"medium_large":false,"large":false,"1536x1536":false,"2048x2048":false},"uagb_author_info":{"display_name":"admin5715","author_link":"https:\/\/www.media4kitchen.com\/admin\/author\/admin5715\/"},"uagb_comment_info":0,"uagb_excerpt":"\u00c0 propos Chez Media4Kitchen, nous sommes sp\u00e9cialis\u00e9s dans la simplification de la gestion des catalogues , en vous offrant une solution innovante et intuitive. Nous comprenons que dans un monde en constante \u00e9volution, il est crucial d&#8217;avoir un acc\u00e8s rapide et facile \u00e0 des informations \u00e0 jour. C\u2019est pourquoi nous avons d\u00e9velopp\u00e9 des outils qui\u2026","_links":{"self":[{"href":"https:\/\/www.media4kitchen.com\/admin\/wp-json\/wp\/v2\/pages\/2639","targetHints":{"allow":["GET"]}}],"collection":[{"href":"https:\/\/www.media4kitchen.com\/admin\/wp-json\/wp\/v2\/pages"}],"about":[{"href":"https:\/\/www.media4kitchen.com\/admin\/wp-json\/wp\/v2\/types\/page"}],"author":[{"embeddable":true,"href":"https:\/\/www.media4kitchen.com\/admin\/wp-json\/wp\/v2\/users\/1"}],"replies":[{"embeddable":true,"href":"https:\/\/www.media4kitchen.com\/admin\/wp-json\/wp\/v2\/comments?post=2639"}],"version-history":[{"count":21,"href":"https:\/\/www.media4kitchen.com\/admin\/wp-json\/wp\/v2\/pages\/2639\/revisions"}],"predecessor-version":[{"id":6320,"href":"https:\/\/www.media4kitchen.com\/admin\/wp-json\/wp\/v2\/pages\/2639\/revisions\/6320"}],"wp:attachment":[{"href":"https:\/\/www.media4kitchen.com\/admin\/wp-json\/wp\/v2\/media?parent=2639"}],"curies":[{"name":"wp","href":"https:\/\/api.w.org\/{rel}","templated":true}]}}